+ 6. Let h(d) = -2*n(d) + 7*z(d). Is h(q) prime?
True
Let k be 2/(-13) + (-912)/156. Let w be k/1 + (-12)/(-4). Is w - -217 - (1 - 2) a composite number?
True
Let h = 404 + -1256. Let k = h - -1267. Is k a prime number?
False
Let q = 77 + -350. Let i be 895/(-15) - (6 + 68/(-12)). Let x = i - q. Is x prime?
False
Suppose 3*z = 2*m - 2*z - 4, -3*m = -3*z - 15. Suppose t = m*t - 23832. Suppose -t = -11*h + 7*h. Is h a prime number?
False
Let m be 139/3 + (-2)/6. Let g = 89 + m. Suppose -5*u + 2*v + 658 = 5*v, -4*v = u - g. Is u a prime number?
True
Suppose 43 - 15 = 4*f. Let u be 72 - (0 + 5 + -3). Let g = u + f. Is g prime?
False
Suppose 0 = -13*m + 428656 + 173673. Is m a prime number?
False
Suppose 5*x - 20 - 25 = 0. Suppose -12*s + x*s + 9723 = 0. Is s a composite number?
True
Is (11 - 1) + 93546/6 a composite number?
False
Let x(b) = -5*b**3 - 4*b**2 + 9*b + 47. Is x(-11) a composite number?
True
Suppose 647 = 2*r + 23. Let w = -185 + r. Is w composite?
False
Suppose -12623 = -10*z + 9587. Suppose -5*w + s + z = -144, -s - 946 = -2*w. Is w prime?
False
Suppose 3*h + 1265 = k - 455, -3*k + 5149 = 2*h. Is k composite?
True
Let w = 4 - 2. Suppose 20 + 6 = w*b + 2*q, 2*q = -4*b + 58. Let l = b + 63. Is l prime?
True
Suppose s = -2*k + 128832, -128824 = -2*k + s - 6*s. Is k a composite number?
True
Suppose 0 - 3 = -c. Suppose c*b = b + 470. Is b a composite number?
True
Suppose 3*q + 17934 = s + 2*s, -4*s = 5*q - 23939. Is s a prime number?
True
Suppose 5*t + 745 = 5*m - 1145, 4*m - 5*t = 1517. Let v = 572 - m. Is v composite?
False
Let x be 2 - (-4)/(-3 + 3 + 1). Let w(d) = 109*d + 19. Is w(x) prime?
True
Let q be -3 + (-3)/(9/546). Let o = -310 - q. Let b = 86 - o. Is b prime?
True
Is (-533787)/(-12) - (-24)/32 a composite number?
False
Suppose 0*o + 324640 = 32*o. Is o a composite number?
True
Let h(r) = -r - 1. Let f be h(-1). Let t(z) = -3 - 7 + 12*z - z + f. Is t(12) composite?
True
Let g = 31 + -22. Suppose -4*r - g + 5 = 0. Is (-21)/6*62*r composite?
True
Let o(b) = 167*b**2 + 3*b - 21. Is o(-5) a composite number?
False
Let k = -150 - -659. Suppose 4*c = 663 + k. Is c a prime number?
True
Let y = 75 + -71. Suppose y*w - 2*k = 278, -3*w + 2*k - k = -208. Is w composite?
True
Let z(h) = 752*h - 5. Suppose -5*s + 2*s = -5*r + 19, -2*r + 2*s + 10 = 0. Is z(r) a prime number?
True
Let x(g) = -20790*g**3 + 2*g**2 + g - 2. Is x(-1) a composite number?
False
Let o = 610 + 276. Is o a composite number?
True
Let u be (0 - 4/(-4)) + -1. Suppose -5*f + 0 - 20 = u. Let x(h) = -2*h**3 + 2*h**2 - 5*h - 3. Is x(f) composite?
True
Let f(a) = -5*a + 40. Let b be f(8). Suppose -6*q + 7158 = -b*q. Is q a prime number?
True
Let w be 1 - ((5 - 0) + -3). Let k be ((-1)/(-2))/(w/106). Let n = 102 + k. Is n a composite number?
True
Let n(p) = -1844*p + 133. Is n(-6) composite?
False
Suppose l - 3*u + u = 14, 0 = u - 1. Let c = l - 13. Suppose -c*s = -s - 1270. Is s prime?
False
Let b = -972 + 2812. Let g be (-58404)/48 - 4/16. Let v = g + b. Is v a composite number?
True
Suppose -7*m + m = 65496. Let l be m*5/20*2. Is ((-33)/22)/(3/l) a composite number?
False
Suppose -8*o - 20 = -3*o. Let m be -3 - -1 - (-1 + -73). Is (o - m)*28/(-16) a prime number?
False
Suppose -3*i + 5*x = 110, -2*i - 5*x - 56 - 34 = 0. Let m = i + 201. Is m a prime number?
False
Suppose 2*g - 5*s = -s - 1966, 3*g + 2993 = -5*s. Let z = g + 595. Is (-3)/6 - z/8 composite?
True
Let k(g) = -g**3 - g**2 - g - 8. Let h be k(0). Let w = -4 - h. Is (-210)/(-18)*(-1 + w) a composite number?
True
Suppose -d + 14 + 5 = 0. Suppose -11*p + d*p - 5384 = 0. Is p a composite number?
False
Let t(b) = 2*b**3 - 9*b**2 - b + 3. Let y be t(7). Suppose 3*k - 1984 + y = 0. Is k a prime number?
False
Let h(q) = -762*q - 303. Is h(-51) a prime number?
False
Suppose -7*n = -9*n - 2*j + 31464, 0 = 4*n - j - 62903. Is n a prime number?
True
Let u(k) = 2*k + 19. Let z be u(5). Let t = -27 + z. Suppose -2*m - 5*a = -295, -t*m - 2*a + 312 = 20. Is m composite?
True
Let m(k) = -8*k**2 + 8*k - 6. Suppose 4*y - 5*p + 40 = 0, -5*y + 2*y + 2*p = 30. Let h be m(y). Is -1 - -3 - h/2 composite?
True
Suppose -12*p = -112680 + 6348. Is p a composite number?
False
Let b(r) = 102*r + 35. Let g be 1/1*(1 + -1 + 13). Is b(g) prime?
True
Let d(x) = 49*x**2 - 20*x + 5. Let f be d(15). Suppose -17*y + f = -7*y. Is y prime?
False
Let l(i) = -i**3 + 4*i**2 - 5*i + 5. Let h be l(4). Is ((-70)/h)/(6/3141) a composite number?
True
Let n = -1172 + 5525. Suppose -8*q + n = 1705. Is q composite?
False
Let z(t) = 106*t**2 + 19*t + 122. Is z(-9) composite?
False
Suppose x + 1008 = 5*x. Let u = -149 - x. Let z = u - -780. Is z composite?
False
Suppose -4*j + 752 = -2*s + 232, -3*s - 393 = -3*j. Is j a prime number?
False
Let i(m) = -562*m - 223. Is i(-12) a composite number?
False
Let p(c) = 9*c - 5. Let t(w) = w**3 - 13*w**2 + 7. Let q be t(13). Suppose 12 = 4*f, -q - 3 = -2*k - 2*f. Is p(k) composite?
False
Is (-2725506)/(-1067) + 4/(-11) prime?
False
Suppose 0 = -z - 5*n + 33427, 3*n - 38913 = 3*z - 139194. Is z composite?
False
Let y(a) = 54*a + 19 - 23 - 15. Is y(14) a composite number?
True
Let m be 34/(-85) - (-142)/5. Let l be 2728/m + 9/(-21). Is l + (1 - 0)*0 a prime number?
True
Let v = 2670 - 796. Is v composite?
True
Suppose -5*a - 5*l = -20170, 6*a - 4*l + 20173 = 11*a. Is a a prime number?
False
Let s(f) = -10*f**3 + 2*f**2 - 6*f - 25. Is s(-4) a composite number?
True
Let p be (-45)/(-3)*6/(-15). Let y(u) = 10*u**2 + 6*u + 7. Is y(p) a composite number?
False
Let l(r) = 35*r**2 + 94*r - 3. Is l(-16) composite?
True
Is 4 + (2*708 - (-1 + 3)) a composite number?
True
Suppose 3*c + 0*c = 2*l + 16, 5*c - 3*l - 25 = 0. Suppose 3*v - 3301 = c*u, 3250 = 5*v + 4*u - 2281. Is v prime?
True
Let t = -17 + 20. Is 2/6 + 5276/t composite?
False
Suppose 0 = -5*r - 0*r + 100. Suppose -2*p + 0*p - r = 0. Is 2/p + (-1676)/(-5) prime?
False
Let t(c) = 19*c + 27. Suppose 26*j = 27*j - 6. Is t(j) prime?
False
Suppose -65531 = -n - 18*n. Is n a prime number?
True
Suppose 0*f + 54235 = f. Is f a prime number?
False
Let y(c) = -31*c**2 + 14*c. Let w(z) = 32*z**2 - 13*z + 1. Let h(d) = 7*w(d) + 6*y(d). Is h(4) a composite number?
False
Suppose -20 = -73*t + 68*t, t = 5*y - 29851. Is y a prime number?
False
Suppose -3*c - 6 = 0, -4*a + 5*c = -0*a - 70. Let v be 18/4*10/a. Is 482 - (-1 + v - 5) prime?
False
Suppose 16*u - 52602 = 14*u - 2*x, 5*u = 5*x + 131525. Is u a prime number?
False
Let j = 93 + -89. Suppose j*k + k = 2015. Is k a composite number?
True
Suppose -656 = 3*v - 59. Let i = v + 284. Is i prime?
False
Let c(w) = 121*w - 17. Suppose -5*l - 1 = -4*a, 4*a = -2*l + 3 + 19. Is c(a) a composite number?
False
Let l(f) = -3040*f**3 - f**2 + 2*f + 7. Is l(-2) a composite number?
True
Let l = 0 + 6. Suppose i - 7770 = l*i. Let x = -817 - i. Is x prime?
False
Suppose 2*g - 9 - 7 = 0. Let j(m) = 3*m**2 - 10*m + 6. Is j(g) prime?
False
Let f = -159 - -310. Let y = f + -234. Let l = 126 + y. Is l a prime number?
True
Let q(v) = 958*v**2 + 5*v - 1. Is q(2) composite?
True
Suppose 4*g = 27*g - 2313593. Is g a composite number?
False
Suppose -4*h = -3*s + 29, 5*s = -2*h - 3*h + 60. Suppose 10*j + 1087 = s*j. Is j a prime number?
True
Suppose 5*w - 106374 = -w. Is w prime?
True
Let c(a) = -a**3 + 14*a**2 - 14*a + 15. Let d be c(13). Suppose 0 = o + 3*k - 1733, -1370 - 353 = -o + d*k. Is o a prime number?
False
Let q(l) = -l**3 + l**2 - l - 5. Let z(a) = 5*a + 6. Let o(n) = -4*n - 5. Let j(i) = 4*o(i) + 3*z(i). Let r be j(4). Is q(r) a prime number?
False
Suppose 5*g + 5*z + 16506 = 4*z, z + 13205 = -4*g. Let i = g - -4692. Is i a prime number?
False
Let v(a) = -42*a**3 - 5*a**2 - 7*a - 11. Let k be v(-4). Suppose -u + 2636 = -k. Is u prime?
True
Let h(o) = -476*o + 191. Is h(-4) a composite number?
True
Suppose -740 = -4*a - 3*k, 467 = -4*a + 3*k + 1207. Is a composite?
True
Suppose 2*w - 2*f = 10, 2*w - 4 = 3*f + 7. Let y(b) = w + 4*b - 2*b - 3*b + 16*b**2. Is y(-5) prime?
True
Let c(k) = -65*k + 47. Is c(-22) prime?
False
Is (-3)/(-2)*(-27782)/(-87) composite?
False
Let u(r) = r**3 - 6*r**2 - 7*r - 2. Suppose 2 = 3*z - 19. Let m be u(z). Is (-5 - m) + (468 - -2) a composite number?
False
Let q = 3423 - -266. Let p = q - 552. Is p a composite number?
F